 -178)?
-120
Evaluate 108 + ((5 + (1 - 9) - 8) + -4 - -1).
94
(102 - (240 + -138)) + (-1 - (31 - -2))
-34
What is the value of -4 - -5 - 10 - (3 - (71 + (7 - 12)))?
54
Evaluate 82 + (-74 - (-12 - 24)) + 38.
82
What is the value of -53 + (7 + -6 - (33 + -42 + 13 + -1))?
-55
Evaluate 2 - 9 - (-9 - (13 - (1 - -33))).
-19
Evaluate (-41 - (14 - 43 - -9)) + 19.
-2
-15 - (12 + (-2 - 16)) - (49 - (-5 - -6))
-57
2 - -1 - (-19 - -8) - (275 + -265)
4
What is the value of -2 - (-14 + -5) - -33?
50
Calculate 21 + 1 + -37 - (12 - -15).
-42
What is 17 + -28 + (7 + -27 - -8) + -7?
-30
Calculate 30 - (92 + 57 - 71).
-48
Calculate (-2 + -35 - (148 - 168)) + 11.
-6
What is 6 + (-20 - (1 + 0 - 2)) + -14?
-27
Evaluate (-28 + -11 - -52) + -38.
-25
Evaluate -20 + 27 - -53 - (28 + -20).
52
-4 + 9 + -28 + -3 + 19 + -1 + 13
5
Calculate (-111 - (16 + -177)) + 6.
56
Evaluate (-15 - (-9 + -21) - (-5 - 50)) + -9.
61
Evaluate -40 - (-63 + 106 - 43).
-40
What is (12 - -3) + (0 - -38 - (870 - 749))?
-68
What is 56 + (9 - -2 - (-37 - (31 - 58)))?
77
What is (14 - 0) + (143 - (70 - -94))?
-7
(-3 - (3 + 0 + 2)) + (-8 + -35 - -22)
-29
Calculate -1 + -90 + -277 + 61 + 216.
-91
Calculate 2009 + -2030 + 4 + -31 + 4.
-44
Calculate 34 - (56 - (29 + -50)) - -20.
-23
What is -12 + 1 - (28 - (-14 + (-26 - -51)))?
-28
What is -9 - (-4 + 4) - (4 - 22 - 5)?
14
What is the value of -4 - (-25 + 19) - -21?
23
What is 10 - (-3 + 36 + (12 - (-13 + 25 + -7)))?
-30
(-1 - (39 - -2)) + -1 - (2 - (-91 + 94))
-42
What is the value of -3 - 32 - (-15 - (11 + -40 - -16))?
-33
Calculate -12 - -109 - (192 - 128).
33
What is the value of 29 - (76 + (-26 - 15) + -10)?
4
(-3 - (-1 - -4)) + (47 - (-28 + 1)) + -25
43
What is the value of 21 + -1 + (-816 - -766) + (1 - (-2 - 3))?
-24
What is (-76 - -57 - (0 - 116)) + (10 - 29)?
78
Evaluate 31 + (2 + 4 - 33 - 4).
0
Evaluate -13 + -14 + 5 + (-3 - -75) + -6.
44
What is the value of (-12 - -8 - 19) + (-2 - (-8 + 3) - 7)?
-27
Calculate 4 + -12 - (111 - 99) - (-10 - 109).
99
What is -11 - (11 + -15) - (8 + -63)?
48
18 - ((0 - 19) + 9) - 2
26
What is the value of -521 + 549 - (-2 - -31) - -48?
47
Calculate (-18 - -34 - 83) + (-20 - (13 - 46)).
-54
206 - 166 - (-18 + -68 - -16)
110
Calculate 1 + 15 + (37 - (45 - (30 - 6))).
32
Evaluate 80 - (-63 - -26) - 70.
47
Evaluate (0 - -108) + -205 + 158.
61
2 + 79 + (-7 - (-7 - -9) - -21 - -1)
94
Calculate 10 + (0 - -12) + (1 - 31) - 9.
-17
Calculate (1 - (-52 + 1 - 0)) + (240 - (-171 + 414)).
49
Calculate (-25 - 2) + 113 + -35 - -78.
129
What is (9 - (-15 + 14 - -6 - 11)) + -1?
14
(-1 - (-22 + 1)) + -8832 + 8836
24
Calculate 48 + 0 + -1634 + 1597.
11
Calculate (7 + -9 - -13) + -6 + (-16 - -6) + 4.
-1
0 - -8 - (-10 + (-34 - -63)) - -54
43
Calculate (1 - -20) + -14 + 9 - 55.
-39
What is the value of -2 + -2 + 21 + (-187 - -178)?
8
1 + -32 + -4 + 2 + (-2 - 12)
-47
Evaluate -290 + 269 + (-42 - -3) - 8.
-68
146 - (11 + 29 - -8) - (15 - 2)
85
What is the value of -47 + -18 + 97 + 25?
57
Calculate (159 - 158) + (-4 - (-4 + 64)).
-63
What is (106 - 11) + (-23 - -7 - -27) - -2?
108
Calculate (2 - -13 - 2) + -18 + 14 + 18.
27
What is -18 + -4 + (-249 - -271) - 122?
-122
Calculate -15 + 88 + -50 + (2 - 48).
-23
What is the value of (-2 - -31) + -843 + 811 - (55 - 0)?
-58
What is (-5 - -31) + (38 - 39) + (-2 - (4 - 6))?
25
29 + -1898 + 1908 + (1 - 8)
32
14 + (18 - (68 - 48))
12
Evaluate -5 - (4 + 5) - (-744 + 722).
8
What is the value of 47 + (-19 - 45) - -67?
50
Calculate (-12 + 23 - 14) + (0 - (-2 + -42)) - 9.
32
Evaluate 98 + -114 - ((5 - -62) + 3) - 10.
-96
Evaluate -11 + -12 + 2 + (-17 - -34 - 12) + 8.
-8
Calculate 0 - (-47 + (-46 - -50) - (20 + 1)).
64
Calculate -55 + 0 - (156 + -120 - (-2 - -24)).
-69
Evaluate -34 + 0 - (-1935 + 1872).
29
What is the value of 8 + (31 - 46) + (-4 - -3) + (15 - 9)?
-2
What is the value of 6 + -25 + 0 - (-1120 + 1003)?
98
4 - (-1 + 131) - (6480 - 6490)
-116
Evaluate -78 + 109 - (-12 + 152 - 9).
-100
Calculate (54 - (-48 + (15 - -9))) + (1 - (1 - 9)).
87
What is (-1 - (43 + 0)) + (-199 - -201) + 0 + 9?
-33
0 + -19 + (-41 - (-88 + 60))
-32
What is the value of (-5 - (10 + (12 + 3 - 15))) + 34?
19
Evaluate -10 - ((-15 - 51) + 61) - (1 - 101).
95
What is the value of -51 - ((22 - -11) + -11 + -18)?
-55
Evaluate 20 + (49 + -50 - (0 + 9)).
10
Evaluate (-20757 - -20639) + 240 + 0.
122
Evaluate -66 - (-18 + 11) - (-5 + 1).
-55
What is the value of -77 + (108 + -40 - 4)?
-13
What is the value of -41 - (13 + 26 + -55 + 14 + (1 - -11))?
-51
Calculate -2 - (-26 - (2 + -31) - (-72 - 0)).
-77
Evaluate (49 - 6) + -19 - -18.
42
What is (31 - 77) + 89 + -43?
0
What is -7673 + 7536 - (-78 + 1)?
-60
Evaluate 80 + (22 - (-13 + 21)) + (11 - (-6 - -2)).
109
Calculate 20 + 6 - (-24 - -59 - -2).
-11
21 - 6 - (45 + 0)
-30
What is the value of (-2 - -35) + -15 + -15 + 20 + -6 + 7?
24
-11 - (-94 + 94 - (-1 + 1)) - (-4 + -45)
38
Calculate 26 + -21 + -25 + 23 - 17.
-14
Calculate 97 - (-21 - -1 - (764 + -780)).
101
7 + -5 - -17 - (-35 - -3)
51
What is (33 - 36) + -7 + -4 + 8?
-6
What is (74 - 9) + 36 - 49?
52
Evaluate 20 + -59 + 42 + (-60 - (-3 - -2)) + -11.
-67
1 - -10 - (56 - ((-21 - -33 - 42) + 14))
-61
What is the value of 113 + -57 + -134 + 0 + (2 - -1 - 13)?
-88
Evaluate (-4 + 0 - -72) + (-4 - 4) + (-10 - -14).
64
What is -81 + 32 + 27 + -2 + 17?
-7
Calculate 10 + (89 - -60) + -78.
81
80 - -1 - (-13712 + 13785)
8
164 + -210 - ((6 - -3) + -4)
-51
Evaluate -30 + 145 + -2 + 194 + -218.
89
Calculate -10 - (25 - (-4 - -2) - (33 + -27)).
-31
Calculate -9 - (-1 - (-4 - (-32 - -22))) - -9.
7
What is the value of -28 + 0 + (38 - (7 - (-21 - 1)))?
-19
Evaluate 82 + -77 + 8 + -6.
7
Evaluate 118 + 8 - (-60 + (-40 - -133)).
93
What is the value of -43 - (-103 - -51) - 49?
-40
Calculate -67 + -11 + 13 + 26 + 15.
-24
What is -26 - (8 + -29 + 14 + 20)?
-39
What is -15 + 37 + -23 - (1 + 63 + 3 + 1)?
-69
What is 25 - (81 - (73 - 72))?
-55
Calculate -6 - ((3 + (6 - 1) - (5 - -8)) + -95).
94
Evaluate (0 - -1 - (4 - 37 - -47)) + 0.
-13
What is the value of 17 + (6 - -6 - 17 - -11) + 3?
26
What is -2 - (-14 + 28) - (-1 + -136 + 16)?
105
12 - (-56 + (20 - -4) + 24)
20
What is (-4 - (23 + -14) - -2) + 34?
23
What is the value of 5 - -3 - (59 - 96 - -66)?
-21
What is (-38 - -1) + (-3 + 0 - (21 + (-9 - 21)))?
-31
Calculate 11 + (33 - -9 - 106).
-53
Calculate -68 + -4 + (3381 - 3370).
-61
What is (20 - 42) + 19 - 16 - 16?
-35
Evaluate -6 - (-5 + -12 + 1) - 6 - 5.
-1
What is the value of 26 + (0 - (-4 + 5)) - (26 - 29)?
28
What is the value of 2285 + -2306 + -38 + -3?
-62
What is 13 + (-4 - (-11 + 15)) + 18?
23
Calculate -15 + (-15 - -10) + 20 + -19.
-19
-6 + 4 - (-136 + 161 + -94 + -4)
71
Evaluate (5 - -26) + (-17 - -6) + 0 + (-4 - -18).
34
(2 - (-5 - 37)) + (90 - 195)
-61
What is the value of (-45 - -39 - -33) + -6?
21
Evaluate (-3 - (-30 - -35)) + (-4 - -116).
104
Evaluate -14 - (-39 + 26) - (-62 - 16).
77
What is (-38 - (-17 + 9 + -3)) + 18 + -33?
-42
Evaluate -6 + (19 - 0) + 25 + (-42 - 95).
-99
(-2 + -24 - 2) + (1130 - 1117)
-15
What is the value of -69 + (78 - (-117 + 168))?
-42
-32 + (-29 - (-48 - 53))
40
Calculate -34 + (197 - 64 - 101).
-2
What is -21 - -36 - 122 - (4 + -34)?
-77
Evaluate -50 + (7 + 1 - (10 - 0) - -16).
-36
What is -83 + (-5 - (6 - -12 - 17)) - -17?
-72
Calculate 2648 + -2744 - (-4 + 16).
-108
What is the value of (14 - (13 - (-5 - -1))) + -6 + (3 - 0)?
-6
(-13 + 23 - -20 - 21) + (0 - 15)
-6
What is -9 + 84 - (154 - 89)?
10
-1 + 75 + 2 + -14
62
Calculate 46 - ((4 - 2 - (27 - 26)) + 10 + -2).
37
What is the value of 1 - -19 - (297 - 272) - -11?
6
What is the value of -10 + -9 + 99 + -58 + -15 + -2?
5
What is -158 + 376 + -144 + (-1 + -1 - -1 - -6)?
79
Evaluate 20 - 21 - ((13 - 8) + -3 - -8).
-11
What is 239 + -239 + -11 + -1 - -34?
22
Evaluate 54 + (-10 - (-7 - 7 - -9)) + (10 - 19).
40
(-115 + 45 - -106) + 0 + 4 + -1
39
Calculate 7 + (-46 - -17 - 20) - -4.
-38
Calculate 34 - (-14 + 12 + -3 + 9 - 14).
44
Evaluate 17 + (-23 - -2) - (-4 - (-5 - -99)).
94
What is the value of (1 - 10 - (-3 - -1)) + (78 + 172 - 191)?
52
What is -2 - (7 + -8 + -14 + 11)?
2
What is -6 - 4 - ((-47 - (-22 + 2)) + -18)?
35
43 + (61 - 11 - 137)
-44
-93 + ((-37 - (34 - 40)) + 23 - (1 + 2))
-104
Calculate 67 + (5 + 6 - 9) + 12 + (-8 - -3).
76
Calculate 